))?
-8
What is the value of -4 - (-9 - -2) - (58 - 62) - 19?
-12
What is the value of 35 - (8 - (1 + -6 + 10 + -6))?
26
What is -1 - ((7 - (1 + 27)) + 6)?
14
Calculate (20 - (-1 - -1)) + (-5 - 2).
13
Calculate 8 - (19 + (5 - 27) + -16 + 4).
23
What is the value of 3 + -1 + 0 - (-12 - (-73 + 44))?
-15
Evaluate (4 + 1 - 31) + 7 + 10.
-9
Evaluate -19 - (-4 - (-15 - -20)).
-10
-24 + 17 + -5 + (-1 - -1) + -3
-15
Evaluate -12 - -15 - (-2 + 1 - -7).
-3
(-18 - 10) + 9 + (2 - 3 - -3)
-17
4 - -25 - (-132 + 192)
-31
-25 + (26 - 20) + 27
8
What is the value of 11 + -7 + -4 + 12?
12
Calculate 3 - (9 - (-1 + 3 - (-8 - -7))).
-3
Evaluate 4 + (-21 - 1) + 14.
-4
What is the value of (29 - 40) + -2 + (6 - -3)?
-4
Calculate -10 + (10 + -11 - -15).
4
What is 11 + 0 - (119 - 104)?
-4
(-6 - -4) + (6 - 20)
-16
What is -4 + -1 + 20 + -11 - -13?
17
Calculate -2 - 11 - -1 - (-101 - -70).
19
What is -55 + 100 - 33 - (-1 + 18)?
-5
What is the value of -17 + 6 + (11 - 21) + -4?
-25
1 + -37 + (-29 - 33) + 63
-35
25 + (37 - (101 - 20))
-19
Calculate (290 - 289) + (7 - (-1 + 2 - 2)).
9
What is the value of 3 + 0 + 2 - (-185 - -195)?
-5
What is the value of (27 - (14 - -1)) + -1 - (34 + -1)?
-22
(43 - (-18 + 40)) + -44
-23
What is the value of -21 - (-18 + (31 - 50))?
16
-9 + 19 + (3 - 1 - 19)
-7
Calculate (-2 - 0 - 8) + 7 + 5.
2
Calculate -3 - ((6 - ((-4 - 1) + 22)) + -26).
34
0 - ((6 - (1 + 6)) + 2)
-1
What is -5 + (8 - (-6 + 11 - 4))?
2
What is the value of 1 + 6 - (5 - 22 - 3 - -9)?
18
Calculate (-5 - (1 - 2)) + -67 + (47 - -4).
-20
What is the value of (-32 - -44) + (2 - 1)?
13
Evaluate -25 + (-1 - -6 - (0 - 2)).
-18
What is the value of -4 + (-8 - -19 - 9) - -2?
0
What is the value of -5 + (-9 + 8 - -18)?
12
What is the value of 22 - 11 - (-11 - -5 - 6)?
23
What is the value of 1 - (-16 + -1 + 2 + 54)?
-38
Calculate -1 + -57 + -43 + 65 - (-4 - 0).
-32
(-9 + 40 - 58) + (9 - -1)
-17
-4 - (4 - 1) - (-45 - -29)
9
(11 - 5) + -8 - (3 + -6 + -3)
4
What is -40 + 24 - (-2 - 5) - (-4 - 27)?
22
-26 + (-1 - -2) + 32 + 23 + -60
-30
Calculate (-14 - (14 + -31)) + 2 + -3 + -2.
0
Evaluate 12 + 0 + 162 + -174 + -3.
-3
Evaluate -17 - (-21 - -2) - -26.
28
Calculate (354 - 347) + (-4 - 0) + -1 - -2.
4
-1 + -3 + 40 - (-9 - -9 - -11)
25
Calculate -1 + 0 + (1 + -3 - -18).
15
What is 6 - 5 - (11 - (5 - -5))?
0
What is the value of (59 - 36 - -12) + -30?
5
What is -8 - (-23 - -54 - 25 - (43 - 0))?
29
(1 - 11) + (-10 + 17 - 2)
-5
Calculate (38 - 46 - 11) + 1 + -3 + 1.
-20
Calculate -5 - (2 + -1) - (-20 - (-15 + -12)).
-13
What is the value of -3 - (-3 + 0) - (52 + -43)?
-9
What is 17 - (12 - (-38 + -19 + 18))?
-34
Evaluate -1 + (-2 - -4) + (17 - 8) + -10.
0
186 + -192 - (12 - 0)
-18
What is the value of 2 + 1 - (90 + -78)?
-9
Evaluate (-13 - -15 - 11) + (-1 - -7) - -5.
2
What is the value of (-1 - 0) + 13 + (-4 - (-14 - -6))?
16
What is the value of ((-7 - 4) + 12 - -7) + -16 + -1?
-9
What is -22 - (4 - 8) - ((10 - 2) + 3)?
-29
(-8 - -4 - (-1 + 1 + -1)) + 3
0
What is the value of -2 - (4 + -5 + -14)?
13
What is the value of (-8 - (4 - (4 + 3))) + (5 - 20)?
-20
Evaluate -10 + 16 + ((-2 - -9) + 1 - 24).
-10
What is the value of -3 + (3 - -5) + -27 + 15 + -6?
-13
Calculate 11 + (-14 - (53 + -37)).
-19
What is the value of -3 + 195 + -195 + (-1 - (-8 - 1))?
5
What is (-4 - -5) + -1 + (-24 - -13) + -7?
-18
What is the value of -7 + (-15 - -25) + -9?
-6
What is the value of 20 - 1 - (67 + -26 - 45)?
23
Calculate -10 - (-10 - (-2 - 9 - 5)).
-16
(5 - 7) + -4 + 13 + -26
-19
What is -5 + (6 - -5 - -1)?
7
Evaluate (-1 + -2 - 0) + 12 + (24 - 19).
14
Calculate (-14 + 16 - 9) + 15.
8
Calculate -2 + -3 + (-14 - -20).
1
Evaluate (9 - (14 - 18)) + 7 + 0.
20
Calculate 30 - 21 - 7 - (2 + 13).
-13
What is -1 - 2 - -1 - ((-17 - -18) + 5)?
-8
Evaluate (21 - 10) + -1 + -1.
9
Calculate (-2 - -1) + (-25 + 25 - -4).
3
What is the value of -7 + 1 + -6 + (3 - -4)?
-5
What is 24 + 2 - ((13 - (2 + 0)) + -4)?
19
What is the value of -2 + -23 + 17 - (7 + 4)?
-19
Calculate 9 + -17 + (18 - 22) + 19.
7
What is the value of 26 + (-13 - (-19 - -9))?
23
Calculate 2 + 2 + 17 + (-25 + 10 - -12).
18
(10 - -29) + -20 - 3
16
Evaluate -11 + -2 + (-6 - (-17 - -10)) + -3.
-15
6 + -1 + (-12 - (-11 + 6 - -2))
-4
What is (-8 - -4 - -8) + 0 + -16?
-12
What is the value of (-8 - -36 - 25) + 10?
13
Evaluate 11 - (12 + -6 + 7).
-2
Evaluate 37 + (-11 - (28 - 0)).
-2
Calculate 0 + 1 - (-12 - -14) - (-4 + 14).
-11
What is -82 - -71 - (-3 - 16)?
8
What is the value of -1 + 7 + 1 - (5 + -7)?
9
Evaluate 10 - (1 - 1 - (-92 - -102)).
20
52 + -22 - (-1 - -14)
17
What is the value of -14 - (7 - (-18 + 33))?
-6
What is the value of (23 - -1) + -43 + 37?
18
Calculate 7 - (2 + -7 + (-16 - -21)).
7
What is (-5 - 2) + 10 + -5 + -3?
-5
Calculate 7 + -10 + 23 + -36 - -44.
28
Evaluate 12 + 2 - (-25 - -53).
-14
What is the value of -11 + 13 + -15 + 25?
12
11 - (5 - -15 - -7)
-16
What is the value of (8 - 1) + (9 - (19 + 5))?
-8
6 + (-2 - -1) + 23 + -154 + 152
26
-5 - (-27 + (23 - 0))
-1
What is (0 - -15) + 48 + -53 + -6 + 14?
18
What is the value of -5 + (-5 - 13) + 4 + 3?
-16
(-4 - 2 - 5) + (2 - 17) + 8
-18
What is the value of 5 + (5 - 2) + -2?
6
Calculate 3 + (-17 - -23) - -18.
27
Evaluate (11 - (-35 + 36)) + (8 - -1).
19
What is the value of (-5 - 0) + 1 - (3 - 12)?
5
What is the value of -6 - (2 - 6 - -5 - -3)?
-10
Calculate (-28 - -16) + -5 + -1 + -5.
-23
What is the value of (-8 - -21 - 6) + -2 + -6?
-1
What is the value of -1 - (-27 - (28 + -57))?
-3
What is -8 - ((4 - 3) + (-41 - 1))?
33
Calculate 5 + 0 + (-29 - -18) - 5.
-11
-6 - (0 + (13 - 3) - (-56 + 61))
-11
What is -12 + (-1 - (-3 + -15))?
5
Evaluate 98 + -79 + (-6 - -7) + -17.
3
Calculate 1 - (-64 + 22 - -19).
24
-6 + (-22 - -46) - 10
8
Evaluate 23 + (79 - 37) + -28.
37
-19 - (-5 - 11 - (-49 + 29))
-23
(6 - 29 - -17) + (6 - 11 - -42)
31
Evaluate 2 + (-1 + -4 - (18 - 18)) + 8.
5
-27 + -16 + 47 - -4
8
What is 4 + -13 - (50 + -56)?
-3
What is -245 - -213 - (-18 + 5)?
-19
(565 - 562) + (-1 - 17)
-15
What is -13 + (15 - 14 - 23 - -16)?
-19
Evaluate 14 + -13 - (1 + 11 - 3 - 3).
-5
-13 + (7 - 38 - -13) + 7
-24
Calculate 2 - 11 - (-10 + -4 + 15).
-10
What is (-18 - -10) + -17 - (0 - 5)?
-20
Calculate (-2 - 1) + -14 + 2 - (1 - 2).
-14
What is the value of -21 - (1 + -1 - (7 + 17 + -19))?
-16
What is 12 - -2 - (576 - 584)?
22
Calculate 61 + 10 + -75 + 32.
28
(-6 - (12 + 3 + -11)) + 7
-3
What is (1 - -13) + 0 + -3580 + 3555?
-11
What is -36 + 50 + (4 + 5 - 40)?
-17
Calculate -49 + 57 - (-7 + 22).
-7
What is -11 - (-1 + 1) - (0 - -4 - 4)?
-11
-9 + (-2 - -2 - -16) - -1
8
What is 5 + (-2 - (-1 + 0)) + -1?
3
Evaluate 10 + (-6 - (-13 - -22)).
-5
-12 - (-10 + (-9 - -3))
4
Calculate (-36 + 50 - (4 - 1)) + 10 + -3.
18
Calculate (112 - 134) + 0 + 0 - (2 - 1).
-23
What is 6 - -2 - (-14 + 7 + 25)?
-10
Evaluate 24 + -24 + 12 + -4.
8
What is the value of 14 + -1 - (317 + -285)?
-19
Evaluate -3 + -3 + -6 - (-1 - 20).
9
What is the value of -21 + (-11 - -14) + 26?
8
Evaluate 1 - ((20 - 43) + 39).
-15
Evaluate 6 + -6 + (-5 + -3 - 0 - -13).
5
Calculate (-40 - -14 - -3) + 29.
6
What is (105 - 95) + -10 + 2 + -1 + 11?
12
What is -15 + (-3 - (-7 - 2))?
-9
What is (-36 - -15) + (1 - -3 - -1)?
-16
What is the value of -18 + 13 + (-9 - (-1 + -1))?
-12
What is the value of 6 + -21 + 8 + -2 - 19?
-28
Evaluate 1 + -2 + (-1 - 1) + (297 - 292).
2
What is -10 - (-7 + 1) - -1 - -1?
-2
Evaluate (4 - -44 - (24 + -13)) + -4.
33
What is the value of 9 - (73 + -70 - (1 + -3 - 0))?
4
(-9 - -21) + -16 - (3 - 0)
-7
Calculate 6 - (70 - 57 - (9 - 3 - 0)).
-1
Calculate 6 + 1 - (-338 + 353).
-8
What is the value of -6 + 14 + (-6 + -7 - -19)?
14
What is -13 + 1 + (-24 + 42 - 28)?
-22
What is 332 + -378 - (-23 + -1)?
-22
Calculate -2 - 0 - (-156 + 170).
-16
Calculate 2 + -7 + (-5 - -17 - (-4 + 15)).
-4
Evaluate -3 - (-3 + (-3 - -6) + 10 + -2).
-11
What is 9 - (-8 + 10) - (23 - 12)?
-4
-19 + (6 - 6) + -6 + -4
-29
(1 + -1 - (28 - 31) - 7) + 12
8
What is 2 + 2 + (-3 - 8) + (59 - 36)?
16
2 + -2 + 3 + (-19 - -20)
4
What is the value of 74 + -57 + -26 - (-1 - -14)?
-22
Calculate (23 - 4) + (76 - 81).
14
What is 0 - (1 - (0 + 4)) - 2?
1
Calculate (17 - 20 - -3) + (-5 - 2).
-7
-3 + (-10 - (2 + -10)) + -2
-7
Evaluate -15 - (-35 + 9) - 10.
1
Evaluate 39 - (8 +